
Let a(p) = p**3 + 31*p**2 + 12*p + 156. Let k be a(-27). Calculate the greatest common factor of 36 and k.
12
Let v be (-120)/4*3/3. Let b = 80 + v. Let d = -10 - -20. What is the highest common factor of b and d?
10
Let x be (4 + 16)/5 - (1 + 0). Suppose z = -x*o, -z = -4*z. Suppose -2*p + p + 110 = o. What is the highest common divisor of p and 10?
10
Let v = -577 + 582. What is the highest common divisor of 9 and v?
1
Let d be 22/((-2)/(-2) - 0). Let y = -62 - -87. Suppose -d*k + y*k = 36. Calculate the greatest common divisor of k and 48.
12
Let f be 0 + -1 + 5 - (100 - 4). Let n = 107 + f. What is the greatest common divisor of 100 and n?
5
Suppose 216*j + 363 = 4*c + 211*j, -3*j - 75 = -c. Calculate the greatest common factor of 822 and c.
6
Suppose -658*x + 337*x = -392*x + 25347. Let b = 343 + -241. What is the greatest common factor of x and b?
51
Suppose -5*o = 0, -p - 2*o + o + 9 = 0. What is the greatest common divisor of 909 and p?
9
Suppose 2*r + 7772 = 5*w, 0 = -3*w + 2*r - 1366 + 6026. What is the greatest common factor of 8 and w?
4
Let j = 1 + -3. Let d(k) = -k**3 - 3*k**2 - 2*k - 5. Let t be d(j). Let m be 1354/10 - (-2)/t. What is the highest common factor of m and 54?
27
Suppose 0*l - 5*u = 4*l + 968, 0 = -4*u. Let p = l - -85. Let s = -113 - p. What is the greatest common divisor of s and 33?
11
Let u be ((-3)/(-1))/(63960/5320 - 12). Let z = 0 + 2. Let t be (19/z)/(2/4). Calculate the highest common factor of u and t.
19
Let v be -2*(-4)/(((-1)/(-94))/(29/58)). What is the greatest common factor of v and 136?
8
Suppose -178*s - 1949979 + 4001210 = -3147259. What is the greatest common divisor of 165 and s?
165
Let k = 8086 - -749. What is the greatest common divisor of k and 10?
5
Let v be 4098/(-12)*-4*(-2 + 3). Let b = v - 898. Calculate the highest common divisor of 52 and b.
52
Suppose -700 = -2*u - 3*u. Let g = 21565 + -21545. Calculate the greatest common divisor of u and g.
20
Let k = 232 + -232. Let o(a) = 13*a + 198. Let x be o(k). What is the greatest common divisor of 18 and x?
18
Let n = 1810 + -1771. What is the greatest common factor of n and 2301?
39
Let w be 1052/7 - 40/140. Suppose -45 = -13*v + w. Calculate the highest common factor of 6 and v.
3
Let l be ((-16)/(-84))/(-2) - 901030/(-1365). Calculate the highest common divisor of l and 2684.
44
Suppose 81*n - 86*n + 70 = 0. Suppose 0 = 9016*g - 9004*g - 4200. What is the highest common factor of n and g?
14
Suppose 4551 = 4*k - n, 4*n + 7 = 27. Calculate the highest common factor of k and 17.
17
Suppose -3*t - 19 = -3*j - 1, 2*j + t = 0. Let q be 2 + (29/j - (-1)/(-2)). Let i = 103 + -71. What is the highest common divisor of q and i?
16
Suppose -s - 88*r + 84*r = -10, -108 = -4*s + r. Calculate the highest common factor of 3848 and s.
26
Let u(r) = -r - 4. Let q be u(-8). Suppose 0 = q*o - 0 - 8. Let k = 4905 + -4895. What is the greatest common factor of k and o?
2
Let q(g) = -4*g. Let y(o) = 22*o - 57. Let i(t) = -6*q(t) - y(t). Let h be i(-20). Calculate the highest common divisor of 2 and h.
1
Suppose -2*x = -120 - 312. Let i(s) = -s**2 + 16*s - 20. Let t be i(7). Let d = t + -16. Calculate the greatest common divisor of x and d.
27
Suppose 5*j = 4*r - 1991, -156*j + 2500 = 5*r - 160*j. Calculate the greatest common factor of r and 112.
56
Let u = -23 - -32. Let d(o) = -79*o**3 + o**2 + 7*o**2 + 7*o - 4 + 80*o**3. Let l be d(-5). What is the highest common factor of u and l?
9
Suppose -2*m = -15 + 1. Let o(f) = 9*f - 17. Let s be o(m). Suppose 49*z - 90 = s*z. Calculate the highest common factor of z and 6.
6
Let f be (22/4 + 0)*6. Let c = 111803 + -111748. What is the highest common factor of f and c?
11
Let d be 36/45*135/6. Suppose d = 7*i - 17. Suppose 7*y = 4*y + 3*q - 6, -22 = y - i*q. What is the greatest common factor of y and 6?
3
Let h(o) = o**2 + 61*o - 1506. Let w be h(19). What is the highest common factor of 854 and w?
14
Let x be 4/(-22) - (-19)/((-4598)/(-16307456)). Calculate the greatest common divisor of 66 and x.
66
Suppose 17*q = 2218 + 2678. Let i be (-2019)/(-9) - 4/(-6). Suppose 0 = 5*l + 45 - i. Calculate the highest common factor of q and l.
36
Let l be (-12)/54 + 2/9. Suppose 3*p + l*p + 174 = 0. Let i = p - -84. What is the highest common divisor of 65 and i?
13
Let l = 760 - 778. Suppose 0 = -2*z + 4*c - 39 - 15, z = 3*c - 32. Let q = z - l. Calculate the highest common factor of 8 and q.
1
Suppose -11*f + 3715 = -8165. Calculate the greatest common divisor of 520 and f.
40
Suppose -j + 5883 = 4*s, -1931 = -2*s + j + 1018. Let m(k) = -1080*k + 14063. Let n be m(13). Calculate the greatest common divisor of s and n.
23
Let l(t) = -9*t - 337. Let i be l(-38). Suppose -4*z + a + 4*a = -1121, i*a = -3*z + 832. Calculate the highest common factor of 9 and z.
9
Suppose -9*v + 30 = -15. Suppose 2*o = x - 4*x + 93, v*o + 2*x = 260. Calculate the highest common factor of 18 and o.
18
Let z = -183 + 155. Let i be 60/14 - 4 - 32388/z. Calculate the highest common factor of 13 and i.
13
Suppose r = -4, 5*m + 9*r - 10*r - 49 = 0. Suppose -15*p + m*p + 336 = 0. Calculate the greatest common divisor of 126 and p.
14
Let h(i) = 177 - 97 + 15*i - 87. Let f be h(3). Let c(a) = 42*a - 36. Let r be c(9). Calculate the highest common divisor of f and r.
38
Suppose 32*p - 98*p = -7412 - 11200. What is the highest common factor of 376 and p?
94
Suppose -177*l + 1282830 = 115488 - 146175. What is the highest common factor of 41 and l?
41
Let c be (-52633)/(-146)*(0 - -2). What is the greatest common factor of c and 7?
7
Suppose 11*p - 21*p = -1210. Let u be (-2)/8 + (-7912)/(-32). Let q = u - p. Calculate the greatest common divisor of 315 and q.
63
Let w = 33 - 22. Let l = -330 + 338. Suppose 30*d + l*d - 418 = 0. What is the highest common divisor of d and w?
11
Let f(b) = b**3 - 3*b**2 - 5*b + 5. Let d be f(5). Let o = 20 + d. Let g = 2436 + -2426. Calculate the greatest common factor of g and o.
10
Let b(z) = z**2 + z + 24. Let h be b(0). Let m = -45255 + 45287. Calculate the highest common divisor of h and m.
8
Let z = 4246 - 3719. Calculate the highest common factor of 62 and z.
31
Let w(v) = -2*v**2 + 29*v - 9. Let j be w(14). Suppose h - 619 = 5*d - 2458, 2*d - 731 = j*h. Calculate the highest common factor of d and 23.
23
Let f(a) = a**2 - 18*a - 24. Suppose 5*m - 432 + 317 = 0. Let j be f(m). What is the greatest common divisor of 26 and j?
13
Let w = -469 - -485. Suppose 0 = 3*i - 13*i + 200. What is the greatest common factor of i and w?
4
Suppose 24*z + 9*z - 1683 = 0. Suppose z*o = 55*o - 120. What is the greatest common divisor of o and 90?
30
Let z be (-196)/(-6) + (-6)/9. Let s = 62 + -47. Let l be 6*((-18)/s)/((-18)/320). Calculate the highest common factor of z and l.
32
Let x(d) = -8*d + 8. Let v be x(-6). Suppose 1915*g - 731448 + 222058 = 0. Calculate the highest common factor of v and g.
14
Suppose 137*n - 130*n - 2051 = 0. Let m = n + -287. Calculate the highest common factor of m and 12.
6
Let d be (-16)/12*(-6)/4. Suppose 174 + 76 = 2*u + d*l, -5*l + 367 = 3*u. Suppose 2*y - u = 3. What is the highest common factor of 6 and y?
6
Suppose -27091 = -10*t - 2*t + 4097. Calculate the greatest common factor of t and 452.
113
Let v(r) = -11*r + 398. Let d be v(-45). Calculate the highest common divisor of 76 and d.
19
Let v(x) = 509*x - 318. Let m be v(7). What is the highest common factor of 55 and m?
55
Let g be (3*33/9)/1. Let s be 20/70 + (-2735)/(-7). Suppose 5*i - 3*v = s, 0 = -i - 4*i + v + 387. What is the highest common factor of g and i?
11
Let g(x) = 2*x**2 - 66*x + 588. Let z be g(17). Calculate the highest common factor of z and 916.
4
Let j(w) = 151*w + 25. Let p be j(-3). Let l = -273 - p. What is the highest common factor of 62 and l?
31
Let o be 25/((-600)/(-31536)) + -19. Calculate the greatest common factor of 1015 and o.
35
Suppose -2*r + 0*r = 4*v - 14, -9 = -3*v - 2*r. Suppose -m - 8 = -v*m. Suppose 36 = m*i - 6. What is the greatest common factor of i and 3?
3
Let x = 20 - 4. Let k = 22 - x. Let f(r) = -r**3 + 8*r**2 + 4*r - 1. Let u be f(k). What is the greatest common factor of 19 and u?
19
Let r(v) = v**3 - 22*v**2 + v - 18. Let z be (176/(-12))/((-4)/6). Let p be r(z). Suppose 245 + 259 = p*